f = i + 10. Calculate the remainder when 9 is divided by f.
0
Let z be 7 + (-3)/(-6)*2. Suppose 140 = 4*k - z. Calculate the remainder when k is divided by 19.
18
What is the remainder when (-3)/3*(-2 - 63) is divided by 17?
14
Let k(d) = 11*d**2. Let r be 4/(-12) + (-374)/(-6). Calculate the remainder when 1 + -2*r/(-4) is divided by k(-1).
10
Let o = 68 + -46. What is the remainder when o is divided by 12?
10
Suppose 2*x = -m + 11, -x + m + 4*m = 22. Calculate the remainder when 41 is divided by x*(0 - (-56)/12).
13
Let d = -20 + 29. Let l be 1*(3*-2 - 1). Let r = d + l. What is the remainder when 2 is divided by r?
0
Let g(h) = -5*h - 19. Calculate the remainder when 49 is divided by g(-9).
23
Let u(a) = -6 + 5*a - 3*a - 5*a. Suppose -2*s = -3*s + 3*c + 16, -5*c - 28 = -2*s. Calculate the remainder when s is divided by u(-3).
1
Let h(i) = -i + 2. Let n be h(-4). Let o = n - 4. What is the remainder when 8 is divided by o?
0
Let l = -33 - -58. What is the remainder when l is divided by 16?
9
Suppose -5*i = -9 + 4. What is the remainder when 3 is divided by i?
0
Suppose -j - 21 = -4*j. Calculate the remainder when j is divided by 6.
1
Suppose -6*k + 3*x = -5*k - 7, -3*x + 9 = 3*k. Suppose -20 = -3*u + 4*q, -k*u - 18 - 7 = 5*q. Calculate the remainder when -2 + 19 + u/(-3) is divided by 6.
5
Let i be 4/16 - 102/(-8). Let u = i - 7. What is the remainder when u/2*56/12 is divided by 8?
6
Let d(r) = -r**2 - 1. Let l(a) = 6*a**2 + 2 + 6*a**2 - 2*a + a**2. Let z(m) = 3*d(m) + l(m). Calculate the remainder when z(2) is divided by 12.
11
What is the remainder when (-584)/(-14) + 2/7 is divided by 15?
12
Let l(u) = -4*u. Suppose 2*o - 25 = -5*c, 0 = -3*c + 4*o + 1 + 14. Let f = c + 8. What is the remainder when l(-6) is divided by f?
11
Let m(j) = -j**3 + 6*j**2 - 4*j. Let r = -36 - -70. Suppose 0 = -6*s + s - 5*c + 40, -3*c + r = 5*s. What is the remainder when m(s) is divided by 3?
2
Suppose -35 = -5*d - 10. Suppose 0 = -4*j + 82 - 6. What is the remainder when j is divided by d?
4
Let c(j) = j**3 - 15*j**2 - 11*j + 39. What is the remainder when c(16) is divided by 10?
9
Let a(b) = -b**3 + 4*b**2 + b + 1. Let k be (-9)/9 - 8/(-2). What is the remainder when 50 is divided by a(k)?
11
Let w = 25 - 52. Let s = -18 - w. What is the remainder when 15 is divided by s?
6
Suppose -4*z - 17 = -5. Calculate the remainder when 7 is divided by z/12 + (-18)/(-8).
1
Suppose f - 4*m + 3 = 2*f, m + 3 = -4*f. Calculate the remainder when 18 is divided by (-4 - f - 4)/(-1).
4
Let t(s) = 2*s**3 - 2*s**2 - 10. Calculate the remainder when t(5) is divided by 24.
22
Let i = -47 - -57. What is the remainder when 58 is divided by i?
8
Let l(g) = g**3 + 8*g**2 - 2*g + 7. Suppose -5*j + 355 = 5*w, 0 = -4*j - w - 2*w + 280. What is the remainder when j is divided by l(-8)?
21
Let n = -10 + 11. What is the remainder when 147 is divided by n + 36 - 0/1?
36
Let h(r) = r**2 - 5*r + 6. What is the remainder when h(7) is divided by 40/6 - (-1)/3?
6
Let k = 23 - 15. Suppose 2*t + 0*t + 52 = 5*s, t = s - k. What is the remainder when 34 is divided by s?
10
Suppose 59 = 2*t - o, 3*t = t - o + 61. Let c be t/7 - (-8)/(-28). Calculate the remainder when 2 is divided by (5 - c)*(1 + 0).
0
Suppose -49 = -4*n + 3*j - 8*j, -4*j = 2*n - 32. What is the remainder when 14 is divided by n?
2
Let b(q) = -q**3 - 9*q**2 + 7*q + 3. What is the remainder when b(-10) is divided by 13?
7
Let r(q) = 2*q**3 - 6*q**2 - 3*q - 7. Suppose 0*f + 3*w + 45 = 3*f, -5*f + 82 = 2*w. What is the remainder when r(5) is divided by f?
14
Let p(o) = -12*o + 4. Calculate the remainder when p(-4) is divided by (-90)/(-24)*(-216)/(-30).
25
Let q(b) = 3*b + 4. Calculate the remainder when 27 is divided by q(1).
6
Let x(a) = 18*a - 4. Let s = 18 - 16. Let k(d) = d**3 + 6*d**2 + 6*d + 3. What is the remainder when x(s) is divided by k(-4)?
10
Suppose -27 = -5*x + 4*x + 4*i, -4*x = -4*i - 48. Let m(h) = h + 1. What is the remainder when 14 is divided by m(x)?
6
Calculate the remainder when -4 + 3 - -92 - (-3 + 5) is divided by 23.
20
Suppose -b + 28 + 1 = 0. Calculate the remainder when b is divided by 8.
5
Suppose 0 = -3*z + 5*p + 131, 5*z - 5*p - 219 = -4. Calculate the remainder when z is divided by 11.
9
Let h(r) = r**3 - 6*r**2 + 6*r - 3. Calculate the remainder when 30/7 + (-44)/154 is divided by h(5).
0
Let w(c) = c**3 + 5*c**2 - c + 6. Suppose 0*n - n = -20. What is the remainder when n is divided by w(-5)?
9
Let r(g) be the first derivative of 5*g**2/2 - 10*g + 2. Calculate the remainder when 39 is divided by r(4).
9
Let x(f) = -f + 5. What is the remainder when 13 is divided by x(0)?
3
Suppose 5*b + 2*a - 906 = 0, -4*b + 0*a - 3*a = -729. Suppose -6*w + w + b = 0. Let g = w - 26. Calculate the remainder when 29 is divided by g.
9
Suppose -3*p + 8 = -7*p. Let b(s) = -s**3 + 10*s**2 + 12*s + 1. What is the remainder when p + (-1 - (1 - 37)) is divided by b(11)?
9
Let s(f) = f. Let z(i) = -4*i - 3. Let d(x) = 3*s(x) + z(x). Calculate the remainder when 10 is divided by d(-9).
4
Suppose 602 = -7*d + 21*d. Calculate the remainder when d is divided by 21.
1
Let n(y) = -y + 19. Suppose 0*j + 2*j - 4*q = 14, 0 = -5*j - 5*q + 5. Suppose -2*k + j*d + 3 = -3, 0 = d + 2. Calculate the remainder when n(k) is divided by 7.
5
Suppose -5*i + 178 = -17. What is the remainder when i is divided by 15?
9
Let h(v) = -47*v - 4. Calculate the remainder when h(-3) is divided by 14.
11
Let j(l) be the first derivative of 2*l - l**2 + 1 + 2/3*l**3. Calculate the remainder when 41 is divided by j(3).
13
Let q(n) = -3*n - n**3 + n - 5*n + 8 - 7*n**2. What is the remainder when q(-6) is divided by 4?
2
Suppose -5*j = -a - 183, 5*j - 2*a = a + 179. Calculate the remainder when j is divided by 13.
11
Suppose -5*d - 8 = -28. Suppose -d*f = f - 225. Calculate the remainder when f is divided by 16.
13
Let t(d) = d**3 - 4*d**2 - 4*d + 4. What is the remainder when t(5) is divided by 4?
1
Let k = 18 - -15. Let s = 46 - k. What is the remainder when 51 is divided by s?
12
Let j(p) = p**3 - 5*p**2 - 7*p + 9. Let m be j(6). Suppose 3*o = -4*v - o + 88, -60 = -m*v + 3*o. What is the remainder when 61 is divided by v?
19
Let u(j) = -j**3 + 11*j**2 + 15*j + 1. Let g = 4 + 0. Suppose -2*p = 4, -g*l + 55 = l + 5*p. Calculate the remainder when u(12) is divided by l.
11
Let j be (-18)/(-2)*4/(-6). Let v = j - -11. Let n(g) = 3*g**3 - 3*g**2 + 2*g - 2. What is the remainder when n(2) is divided by v?
4
Let v be (2/4)/(3/12). Suppose 14 = v*x - 10. Calculate the remainder when 32 is divided by x.
8
Suppose k = 18 - 0. Calculate the remainder when 51 is divided by k.
15
Let g = -121 + 216. Calculate the remainder when g is divided by 6.
5
Let v = 315 - 305. Let t(o) = -o**2 - 4*o + 4. Calculate the remainder when v is divided by t(-4).
2
Let h(o) = 8*o**2 - o - 4. Let x(i) = -i**2 - i. Let k(t) = -h(t) + 3*x(t). Let r be k(3). Let p = -55 - r. What is the remainder when p is divided by 16?
14
Suppose 2*r = d + 105 - 35, 0 = 2*d. Suppose -4*s - 2*o - 3*o = -105, s = -3*o + r. Calculate the remainder when s is divided by 11.
9
Suppose k + h - 6 = 0, 3*h - 15 + 5 = -k. Suppose 6*r - 4*r - 4*t = -k, -2*r - t = -6. Suppose -2*d - 8 = -6*d. Calculate the remainder when d is divided by r.
0
Suppose -24 = -5*o - 2*s + 242, -5*o + 260 = 5*s. What is the remainder when 269 is divided by o?
53
Let t = -6 + 10. Let w = 7 - t. Suppose -w = 2*h - 27. What is the remainder when 35 is divided by h?
11
Suppose 6*f + 5*q - 26 = 4*f, 3*f + 2*q = 50. Calculate the remainder when 125 is divided by f.
17
Let n be 44 + 8/(16/4). Let y = -26 + n. Calculate the remainder when 59 is divided by y.
19
Suppose -4*y = -5*j + 425, -3*j + 5*y + 135 = -107. What is the remainder when j is divided by 24 - (-3 - -8 - (1 - -3))?
20
Let y(l) = l - 2. Let m(o) = -o + 9. Let n be m(11). Let q(v) = -3*v + 6. Let w(x) = n*q(x) - 7*y(x). Calculate the remainder when 16 is divided by w(-7).
7
Calculate the remainder when 4/18 + 129/27 is divided by 2.
1
Let b be (-2)/3 - (-41)/3. Suppose 30 + 28 = 2*n. What is the remainder when n is divided by 2 - b*(0 - 1)?
14
Suppose -400 = -4*v + b, v + 93 = 2*v - 2*b. What is the remainder when v is divided by 52?
49
What is the remainder when 2 is divided by